{"id":677,"date":"2016-08-09T15:17:43","date_gmt":"2016-08-09T12:17:43","guid":{"rendered":"http:\/\/melindatrochu.com\/?page_id=677"},"modified":"2021-04-08T20:58:21","modified_gmt":"2021-04-08T17:58:21","slug":"focus-aborigenes","status":"publish","type":"page","link":"https:\/\/melindatrochu.com\/?page_id=677","title":{"rendered":"Focus Aborig\u00e8nes\/Autochtones"},"content":{"rendered":"<p><img loading=\"lazy\" class=\"alignnone size-full wp-image-688\" src=\"http:\/\/melindatrochu.com\/wp-content\/uploads\/2016\/08\/IMG_1482-800x533.jpg\" alt=\"IMG_1482 (800x533)\" width=\"800\" height=\"533\" srcset=\"https:\/\/melindatrochu.com\/wp-content\/uploads\/2016\/08\/IMG_1482-800x533.jpg 800w, https:\/\/melindatrochu.com\/wp-content\/uploads\/2016\/08\/IMG_1482-800x533-300x200.jpg 300w, https:\/\/melindatrochu.com\/wp-content\/uploads\/2016\/08\/IMG_1482-800x533-768x512.jpg 768w\" sizes=\"(max-width: 800px) 100vw, 800px\" \/><\/p>\n<p><a href=\"https:\/\/canada-info.ca\/racisme-systemique-envers-les-autochtones-dans-le-systeme-de-sante-en-c-b\/\" target=\"_blank\" rel=\"noopener noreferrer\">Racisme syst\u00e9mique envers les autochtones dans le syst\u00e8me de sant\u00e9 en C.-B.<\/a><\/p>\n<p><a href=\"https:\/\/canada-info.ca\/lhistoire-des-songhees-a-decouvrir-au-fil-de-leau-en-2022-a-victoria\/\">L\u2019histoire des Songhees \u00e0 d\u00e9couvrir au fil de l\u2019eau en 2022 \u00e0 Victoria<\/a><\/p>\n<p><a href=\"https:\/\/canada-info.ca\/racisme-et-culture-toxique-au-musee-royal-de-colombie-britannique\/\">Racisme et \u00ab culture toxique \u00bb au mus\u00e9e royal de Colombie-Britannique<\/a><\/p>\n<p><a href=\"http:\/\/melindatrochu.com\/?p=909\">Au Canada, la difficile r\u00e9conciliation avec les peuples autochtones<\/a><\/p>\n<p><a href=\"http:\/\/melindatrochu.com\/?p=905\">Nunavut, N.W.T. and Greenland team up on European politicians to promote Inuit seal skin products<\/a><\/p>\n<p><a href=\"http:\/\/melindatrochu.com\/?p=896\">Tony Callihoo, respected healer, sundancer, remembered in N.W.T., Alberta<\/a><\/p>\n<p><a href=\"http:\/\/melindatrochu.com\/?p=893\">Gwich\u2019in woman publishing guide to reconciliation for non-Indigenous Canadians<\/a><\/p>\n<p><a href=\"http:\/\/melindatrochu.com\/?p=701\">En Australie, l\u2019\u00e9ternel scandale de l\u2019incarc\u00e9ration des Aborig\u00e8nes<\/a><\/p>\n<p><a href=\"http:\/\/melindatrochu.com\/?p=693\">Aborig\u00e8nes d\u2019Australie, retour \u00e0 la case prison<\/a><\/p>\n<p><a href=\"http:\/\/melindatrochu.com\/?p=690\">En Australie, les grands-m\u00e8res aborig\u00e8nes luttent pour leurs petits-enfants<\/a><\/p>\n<p><a href=\"http:\/\/melindatrochu.com\/?p=582\">Au creuset de la nation australienne<\/a><\/p>\n<p><a href=\"http:\/\/melindatrochu.com\/?p=612\">Australia Day, une f\u00eate nationale controvers\u00e9e<\/a><\/p>\n<p><a href=\"http:\/\/melindatrochu.com\/?p=588\">La Fondation Thathangathay<\/a><\/p>\n<p><a href=\"http:\/\/melindatrochu.com\/?p=625\">Quand les femmes aborig\u00e8nes combattent la violence conjugale en Australie<\/a><\/p>\n<p><a href=\"http:\/\/melindatrochu.com\/?p=628\">Rapper sa rage, dans toutes les langues<\/a><\/p>\n<p><a href=\"http:\/\/melindatrochu.com\/?p=655\">La lutte des grands-m\u00e8res aborig\u00e8nes d\u2019Australie<\/a><\/p>\n","protected":false},"excerpt":{"rendered":"<p>Racisme syst\u00e9mique envers les autochtones dans le syst\u00e8me de sant\u00e9 en C.-B. L\u2019histoire des Songhees \u00e0 d\u00e9couvrir au fil de l\u2019eau en 2022 \u00e0 Victoria&hellip;<\/p>\n","protected":false},"author":1,"featured_media":0,"parent":0,"menu_order":0,"comment_status":"closed","ping_status":"closed","template":"","meta":[],"_links":{"self":[{"href":"https:\/\/melindatrochu.com\/index.php?rest_route=\/wp\/v2\/pages\/677"}],"collection":[{"href":"https:\/\/melindatrochu.com\/index.php?rest_route=\/wp\/v2\/pages"}],"about":[{"href":"https:\/\/melindatrochu.com\/index.php?rest_route=\/wp\/v2\/types\/page"}],"author":[{"embeddable":true,"href":"https:\/\/melindatrochu.com\/index.php?rest_route=\/wp\/v2\/users\/1"}],"replies":[{"embeddable":true,"href":"https:\/\/melindatrochu.com\/index.php?rest_route=%2Fwp%2Fv2%2Fcomments&post=677"}],"version-history":[{"count":10,"href":"https:\/\/melindatrochu.com\/index.php?rest_route=\/wp\/v2\/pages\/677\/revisions"}],"predecessor-version":[{"id":1208,"href":"https:\/\/melindatrochu.com\/index.php?rest_route=\/wp\/v2\/pages\/677\/revisions\/1208"}],"wp:attachment":[{"href":"https:\/\/melindatrochu.com\/index.php?rest_route=%2Fwp%2Fv2%2Fmedia&parent=677"}],"curies":[{"name":"wp","href":"https:\/\/api.w.org\/{rel}","templated":true}]}}

Focus Aborigènes/Autochtones

<p><img loading="lazy" class="alignnone size-full wp-image-688" src="http://melindatrochu.com/wp-content/uploads/2016/08/IMG_1482-800x533.jpg" alt="IMG_1482 (800x533)" width="800" height="533" srcset="https://melindatrochu.com/wp-content/uploads/2016/08/IMG_1482-800x533.jpg 800w, https://melindatrochu.com/wp-content/uploads/2016/08/IMG_1482-800x533-300x200.jpg 300w, https://melindatrochu.com/wp-content/uploads/2016/08/IMG_1482-800x533-768x512.jpg 768w" sizes="(max-width: 800px) 100vw, 800px" /></p>
<p><a href="https://canada-info.ca/racisme-systemique-envers-les-autochtones-dans-le-systeme-de-sante-en-c-b/" target="_blank" rel="noopener noreferrer">Racisme systémique envers les autochtones dans le système de santé en C.-B.</a></p>
<p><a href="https://canada-info.ca/lhistoire-des-songhees-a-decouvrir-au-fil-de-leau-en-2022-a-victoria/">L’histoire des Songhees à découvrir au fil de l’eau en 2022 à Victoria</a></p>
<p><a href="https://canada-info.ca/racisme-et-culture-toxique-au-musee-royal-de-colombie-britannique/">Racisme et « culture toxique » au musée royal de Colombie-Britannique</a></p>
<p><a href="http://melindatrochu.com/?p=909">Au Canada, la difficile réconciliation avec les peuples autochtones</a></p>
<p><a href="http://melindatrochu.com/?p=905">Nunavut, N.W.T. and Greenland team up on European politicians to promote Inuit seal skin products</a></p>
<p><a href="http://melindatrochu.com/?p=896">Tony Callihoo, respected healer, sundancer, remembered in N.W.T., Alberta</a></p>
<p><a href="http://melindatrochu.com/?p=893">Gwich’in woman publishing guide to reconciliation for non-Indigenous Canadians</a></p>
<p><a href="http://melindatrochu.com/?p=701">En Australie, l’éternel scandale de l’incarcération des Aborigènes</a></p>
<p><a href="http://melindatrochu.com/?p=693">Aborigènes d’Australie, retour à la case prison</a></p>
<p><a href="http://melindatrochu.com/?p=690">En Australie, les grands-mères aborigènes luttent pour leurs petits-enfants</a></p>
<p><a href="http://melindatrochu.com/?p=582">Au creuset de la nation australienne</a></p>
<p><a href="http://melindatrochu.com/?p=612">Australia Day, une fête nationale controversée</a></p>
<p><a href="http://melindatrochu.com/?p=588">La Fondation Thathangathay</a></p>
<p><a href="http://melindatrochu.com/?p=625">Quand les femmes aborigènes combattent la violence conjugale en Australie</a></p>
<p><a href="http://melindatrochu.com/?p=628">Rapper sa rage, dans toutes les langues</a></p>
<p><a href="http://melindatrochu.com/?p=655">La lutte des grands-mères aborigènes d’Australie</a></p>

<p>Racisme systémique envers les autochtones dans le système de santé en C.-B. L’histoire des Songhees à découvrir au fil de l’eau en 2022 à Victoria&hellip;</p>
